{"id":222,"date":"2020-03-18T02:57:32","date_gmt":"2020-03-18T05:57:32","guid":{"rendered":"https:\/\/colegiolujanparana.com.ar\/?page_id=222"},"modified":"2025-09-17T12:26:56","modified_gmt":"2025-09-17T15:26:56","slug":"inicio","status":"publish","type":"page","link":"https:\/\/colegiolujanparana.com.ar\/","title":{"rendered":"Inicio"},"content":{"rendered":"[et_pb_section fb_built=\u00bb1&#8243; fullwidth=\u00bbon\u00bb _builder_version=\u00bb4.16&#8243; global_colors_info=\u00bb{}\u00bb][et_pb_fullwidth_header title=\u00bbciclo lectivo 2023  (sitio web en actualizaci\u00f3n)\u00bb subhead=\u00bbColegio Nuestra Se\u00f1ora de Luj\u00e1n D-118&#8243; text_orientation=\u00bbcenter\u00bb admin_label=\u00bbT\u00edtulo de anchura completa\u00bb _builder_version=\u00bb4.17.3&#8243; title_level=\u00bbh2&#8243; title_font=\u00bbRubik|700||on|||||\u00bb title_text_color=\u00bb#ffffff\u00bb title_font_size=\u00bb16px\u00bb title_letter_spacing=\u00bb5px\u00bb title_line_height=\u00bb2em\u00bb content_font=\u00bbRubik||||||||\u00bb content_font_size=\u00bb18px\u00bb content_line_height=\u00bb2em\u00bb subhead_font=\u00bbRubik|700|||||||\u00bb subhead_font_size=\u00bb50px\u00bb subhead_line_height=\u00bb1.4em\u00bb background_color=\u00bb#ff7355&#8243; background_image=\u00bbhttps:\/\/colegiolujanparana.com.ar\/wp-content\/uploads\/2020\/02\/Portada.jpg\u00bb background_position=\u00bbbottom_center\u00bb custom_button_one=\u00bbon\u00bb button_one_text_size=\u00bb16px\u00bb button_one_text_color=\u00bb#ffffff\u00bb button_one_bg_color=\u00bb#ff7355&#8243; button_one_border_width=\u00bb15px\u00bb button_one_border_color=\u00bbrgba(210,159,104,0)\u00bb button_one_border_radius=\u00bb100px\u00bb button_one_letter_spacing=\u00bb0px\u00bb button_one_font=\u00bbRubik|700|||||||\u00bb button_one_use_icon=\u00bboff\u00bb custom_button_two=\u00bbon\u00bb button_two_text_size=\u00bb16px\u00bb button_two_text_color=\u00bb#ffffff\u00bb button_two_bg_color=\u00bbrgba(0,0,0,0.6)\u00bb button_two_border_width=\u00bb15px\u00bb button_two_border_color=\u00bbrgba(210,159,104,0)\u00bb button_two_border_radius=\u00bb100px\u00bb button_two_letter_spacing=\u00bb0px\u00bb button_two_font=\u00bbRubik|700|||||||\u00bb button_two_use_icon=\u00bboff\u00bb custom_margin=\u00bb|||\u00bb custom_padding=\u00bb5vw||20vw|\u00bb animation_style=\u00bbslide\u00bb animation_direction=\u00bbbottom\u00bb animation_intensity_slide=\u00bb1%\u00bb content_font_size_tablet=\u00bb\u00bb content_font_size_phone=\u00bb16px\u00bb content_font_size_last_edited=\u00bbon|phone\u00bb subhead_font_size_tablet=\u00bb\u00bb subhead_font_size_phone=\u00bb30px\u00bb subhead_font_size_last_edited=\u00bbon|phone\u00bb box_shadow_style=\u00bbpreset6&#8243; box_shadow_vertical=\u00bb-10px\u00bb box_shadow_color=\u00bbrgba(0,0,0,0.2)\u00bb button_one_border_radius_hover=\u00bb100px\u00bb button_two_border_radius_hover=\u00bb100px\u00bb button_one_bg_color_hover=\u00bb#ff8a70&#8243; button_two_bg_color_hover=\u00bb#ff8a70&#8243; global_colors_info=\u00bb{}\u00bb button_one_text_size__hover_enabled=\u00bboff\u00bb button_two_text_size__hover_enabled=\u00bboff\u00bb button_one_text_color__hover_enabled=\u00bboff\u00bb button_two_text_color__hover_enabled=\u00bboff\u00bb button_one_border_width__hover_enabled=\u00bboff\u00bb button_two_border_width__hover_enabled=\u00bboff\u00bb button_one_border_color__hover_enabled=\u00bboff\u00bb button_two_border_color__hover_enabled=\u00bboff\u00bb button_one_border_radius__hover_enabled=\u00bbon\u00bb button_one_border_radius__hover=\u00bb100px\u00bb button_two_border_radius__hover_enabled=\u00bbon\u00bb button_two_border_radius__hover=\u00bb100px\u00bb button_one_letter_spacing__hover_enabled=\u00bboff\u00bb button_two_letter_spacing__hover_enabled=\u00bboff\u00bb button_one_bg_color__hover_enabled=\u00bbon\u00bb button_one_bg_color__hover=\u00bb#ff8a70&#8243; button_two_bg_color__hover_enabled=\u00bbon\u00bb button_two_bg_color__hover=\u00bb#ff8a70&#8243;]\n<p>\u00abCon Mar\u00eda, educarnos para dar Vida a la vida\u00bb<\/p>\n[\/et_pb_fullwidth_header][\/et_pb_section][et_pb_section fb_built=\u00bb1&#8243; _builder_version=\u00bb4.16&#8243; custom_padding=\u00bb101px||101px|||\u00bb global_colors_info=\u00bb{}\u00bb][et_pb_row column_structure=\u00bb3_5,2_5&#8243; _builder_version=\u00bb4.22.1&#8243; min_height=\u00bb435px\u00bb custom_padding=\u00bb||0px|0px||\u00bb global_colors_info=\u00bb{}\u00bb][et_pb_column type=\u00bb3_5&#8243; _builder_version=\u00bb4.22.1&#8243; global_colors_info=\u00bb{}\u00bb][et_pb_text _builder_version=\u00bb4.22.1&#8243; _module_preset=\u00bbdefault\u00bb hover_enabled=\u00bb0&#8243; global_colors_info=\u00bb{}\u00bb sticky_enabled=\u00bb0&#8243;]\n<h1 style=\"text-align: center;\">PRE -INSCRIPCIONES 2026<\/h1>\n<p>\u00a0 \u00a0 \u00a0 \u00a0 \u00a0 \u00a0 \u00a0 \u00a0 \u00a0 \u00a0 \u00a0 \u00a0 \u00a0 \u00a0 \u00a0 \u00a0 \u00a0 \u00a0 \u00a0 <strong>\u00a0 <span style=\"font-size: large; color: #0c71c3;\">NO HAY VACANTES PARA 1ER A\u00d1O 2026<\/span><\/strong><\/p>\n[\/et_pb_text][et_pb_text _builder_version=\u00bb4.22.1&#8243; _module_preset=\u00bbdefault\u00bb text_text_color=\u00bb#000000&#8243; text_font_size=\u00bb16px\u00bb ul_font=\u00bb|600|||||||\u00bb ol_font=\u00bb|600|||||||\u00bb ol_line_height=\u00bb2.3em\u00bb custom_margin=\u00bb||14px|||\u00bb hover_enabled=\u00bb0&#8243; inline_fonts=\u00bbArial\u00bb global_colors_info=\u00bb{}\u00bb sticky_enabled=\u00bb0&#8243;]\n<p>1 &#8211; Presentarse personalmente al colegio para solicitar clave y realizar luego la solicitud on line.<\/p>\n<p>2 &#8211; Leer el siguiente instructivo:\u00a0<img alt=\"\" \/><\/p>\n<p><a href=\"https:\/\/colegiolujanparana.com.ar\/wp-content\/uploads\/2025\/09\/Instructivo-para-Inscripcion-2026.pdf\" rel=\"attachment wp-att-443\">Instructivo-para-Inscripcion-2026<\/a><\/p>\n<p>&nbsp;<\/p>\n<p>3 &#8211; Con la clave recibida en el Colegio (punto 1) hacer clic en el siguiente bot\u00f3n y seguir los pasos para completar los datos y encuesta que se solicita.<\/p>\n[\/et_pb_text][et_pb_button button_url=\u00bbhttps:\/\/www.miescueladigital.com.ar\/medAdmision\/admision\/preinscripcion.zul?p_ins_id=94&#038;p_nve_id=3&#8243; url_new_window=\u00bbon\u00bb button_text=\u00bbCompletar los datos y encuesta\u00bb button_alignment=\u00bbcenter\u00bb _builder_version=\u00bb4.22.1&#8243; _module_preset=\u00bbdefault\u00bb global_colors_info=\u00bb{}\u00bb][\/et_pb_button][et_pb_text _builder_version=\u00bb4.22.1&#8243; _module_preset=\u00bbdefault\u00bb text_text_color=\u00bb#000000&#8243; text_font_size=\u00bb16px\u00bb ul_font=\u00bb|600|||||||\u00bb ol_font=\u00bb|600|||||||\u00bb ol_line_height=\u00bb2em\u00bb global_colors_info=\u00bb{}\u00bb]\n<p>4 &#8211; M\u00e1s tarde desde el Colegio se le informar\u00e1 la admisi\u00f3n o no.<\/p>\n[\/et_pb_text][\/et_pb_column][et_pb_column type=\u00bb2_5&#8243; _builder_version=\u00bb4.16&#8243; global_colors_info=\u00bb{}\u00bb][et_pb_social_media_follow use_icon_font_size=\u00bbon\u00bb icon_font_size=\u00bb30px\u00bb _builder_version=\u00bb4.22.1&#8243; _module_preset=\u00bbdefault\u00bb text_orientation=\u00bbcenter\u00bb custom_padding=\u00bb||||false|false\u00bb border_radii=\u00bbon|10px|10px|10px|10px\u00bb global_colors_info=\u00bb{}\u00bb][et_pb_social_media_follow_network social_network=\u00bbfacebook\u00bb url=\u00bbhttps:\/\/www.facebook.com\/colegiolujanparana\u00bb _builder_version=\u00bb4.22.1&#8243; _module_preset=\u00bbdefault\u00bb background_color=\u00bb#3b5998&#8243; custom_margin=\u00bb||||false|false\u00bb custom_padding=\u00bb||||false|false\u00bb global_colors_info=\u00bb{}\u00bb follow_button=\u00bboff\u00bb url_new_window=\u00bbon\u00bb]facebook[\/et_pb_social_media_follow_network][et_pb_social_media_follow_network social_network=\u00bbinstagram\u00bb url=\u00bbhttps:\/\/www.instagram.com\/colegiolujanparanad118\/\u00bb _builder_version=\u00bb4.22.1&#8243; _module_preset=\u00bbdefault\u00bb background_color=\u00bb#ea2c59&#8243; custom_margin=\u00bb|40px||40px|false|true\u00bb global_colors_info=\u00bb{}\u00bb follow_button=\u00bboff\u00bb url_new_window=\u00bbon\u00bb]instagram[\/et_pb_social_media_follow_network][et_pb_social_media_follow_network social_network=\u00bbyoutube\u00bb url=\u00bbhttps:\/\/www.youtube.com\/channel\/UCnxd-rZx8BJyBlL8db6XaIg\u00bb _builder_version=\u00bb4.22.1&#8243; _module_preset=\u00bbdefault\u00bb background_color=\u00bb#a82400&#8243; global_colors_info=\u00bb{}\u00bb follow_button=\u00bboff\u00bb url_new_window=\u00bbon\u00bb]youtube[\/et_pb_social_media_follow_network][\/et_pb_social_media_follow][et_pb_blurb title=\u00bbDIRECCION\u00bb _builder_version=\u00bb4.22.1&#8243; header_font=\u00bbRubik|700||on|||||\u00bb header_text_color=\u00bb#ffffff\u00bb header_font_size=\u00bb12px\u00bb header_letter_spacing=\u00bb3px\u00bb body_font=\u00bbRubik||||||||\u00bb body_font_size=\u00bb12px\u00bb body_line_height=\u00bb1.5em\u00bb background_color=\u00bb#663300&#8243; background_layout=\u00bbdark\u00bb custom_margin=\u00bb||10px|\u00bb custom_padding=\u00bb14px|20px|14px|20px|true|true\u00bb animation_style=\u00bbzoom\u00bb animation_intensity_zoom=\u00bb10%\u00bb border_radii=\u00bbon|10px|10px|10px|10px\u00bb locked=\u00bboff\u00bb global_colors_info=\u00bb{}\u00bb]\n<p>Pacto Uni\u00f3n Nacional 1050<br \/>Paran\u00e1, Entre R\u00edos &#8211;\u00a0 CP 3100<\/p>\n[\/et_pb_blurb][et_pb_blurb title=\u00bbHORARIOS de atencion\u00bb disabled_on=\u00bbon|on|on\u00bb _builder_version=\u00bb4.16&#8243; header_font=\u00bbRubik|700||on|||||\u00bb header_text_color=\u00bb#ffffff\u00bb header_font_size=\u00bb12px\u00bb header_letter_spacing=\u00bb3px\u00bb header_line_height=\u00bb1.5em\u00bb body_font=\u00bbRubik||||||||\u00bb body_font_size=\u00bb12px\u00bb body_line_height=\u00bb2em\u00bb background_color=\u00bb#F1BB25&#8243; background_layout=\u00bbdark\u00bb custom_margin=\u00bb||10px|\u00bb custom_padding=\u00bb14px|20px|14px|20px|true|true\u00bb animation_style=\u00bbzoom\u00bb animation_intensity_zoom=\u00bb10%\u00bb border_radii=\u00bbon|10px|10px|10px|10px\u00bb disabled=\u00bbon\u00bb locked=\u00bboff\u00bb global_colors_info=\u00bb{}\u00bb]\n<p>ALUMNADO:\u00a0Recreos Lun a Jue por la ma\u00f1ana<br \/>ADMINISTRACI\u00d3N:<br \/>Lun a Jue de 7:30 &#8211; 11:30<\/p>\n[\/et_pb_blurb][et_pb_blurb title=\u00bbHORARIOS de atencion\u00bb disabled_on=\u00bbon|on|on\u00bb _builder_version=\u00bb4.16&#8243; header_font=\u00bbRubik|700||on|||||\u00bb header_text_color=\u00bb#ffffff\u00bb header_font_size=\u00bb12px\u00bb header_letter_spacing=\u00bb3px\u00bb header_line_height=\u00bb1.5em\u00bb body_font=\u00bbRubik||||||||\u00bb body_font_size=\u00bb12px\u00bb body_line_height=\u00bb2em\u00bb background_color=\u00bb#F1BB25&#8243; background_layout=\u00bbdark\u00bb custom_margin=\u00bb||10px|\u00bb custom_padding=\u00bb14px|20px|14px|20px|true|true\u00bb animation_style=\u00bbzoom\u00bb animation_intensity_zoom=\u00bb10%\u00bb border_radii=\u00bbon|10px|10px|10px|10px\u00bb disabled=\u00bbon\u00bb locked=\u00bboff\u00bb global_colors_info=\u00bb{}\u00bb]\n<p>ALUMNADO:\u00a0Recreos Lun a Jue por la ma\u00f1ana<br \/>ADMINISTRACI\u00d3N:<br \/>Lun a Jue de 7:30 &#8211; 11:30<\/p>\n[\/et_pb_blurb][et_pb_blurb title=\u00bbTELEFONO &#038; Email\u00bb _builder_version=\u00bb4.16&#8243; header_font=\u00bbRubik|700||on|||||\u00bb header_text_color=\u00bb#ffffff\u00bb header_font_size=\u00bb12px\u00bb header_letter_spacing=\u00bb3px\u00bb header_line_height=\u00bb1.5em\u00bb body_font=\u00bbRubik||||||||\u00bb body_font_size=\u00bb12px\u00bb body_line_height=\u00bb2em\u00bb background_color=\u00bb#38AAFF\u00bb background_layout=\u00bbdark\u00bb custom_margin=\u00bb|||\u00bb custom_padding=\u00bb14px|20px|14px|20px|true|true\u00bb animation_style=\u00bbzoom\u00bb animation_intensity_zoom=\u00bb10%\u00bb border_radii=\u00bbon|10px|10px|10px|10px\u00bb locked=\u00bboff\u00bb global_colors_info=\u00bb{}\u00bb]\n<p>343-4242641<br \/> colegiolujand118@yahoo.com.ar<\/p>\n[\/et_pb_blurb][\/et_pb_column][\/et_pb_row][\/et_pb_section][et_pb_section fb_built=\u00bb1&#8243; admin_label=\u00bbFooter\u00bb _builder_version=\u00bb4.16&#8243; background_image=\u00bbhttps:\/\/colegiolujanparana.com.ar\/wp-content\/uploads\/2019\/11\/jess-watters-483666-unsplash.jpg\u00bb parallax=\u00bbon\u00bb custom_margin=\u00bb||-2px|||\u00bb custom_padding=\u00bb|||\u00bb global_colors_info=\u00bb{}\u00bb][et_pb_row column_structure=\u00bb1_4,1_4,1_2&#8243; use_custom_gutter=\u00bbon\u00bb gutter_width=\u00bb2&#8243; make_equal=\u00bbon\u00bb _builder_version=\u00bb4.16&#8243; custom_padding=\u00bb|||\u00bb animation_style=\u00bbfade\u00bb border_radii=\u00bbon|10px|10px|10px|10px\u00bb global_colors_info=\u00bb{}\u00bb][et_pb_column type=\u00bb1_4&#8243; _builder_version=\u00bb4.16&#8243; custom_padding=\u00bb|||\u00bb global_colors_info=\u00bb{}\u00bb custom_padding__hover=\u00bb|||\u00bb][et_pb_number_counter title=\u00bbEstudiantes\u00bb number=\u00bb271&#8243; percent_sign=\u00bboff\u00bb _builder_version=\u00bb4.22.1&#8243; title_font=\u00bbRubik|700||on|||||\u00bb title_text_color=\u00bb#ffffff\u00bb title_font_size=\u00bb14px\u00bb title_letter_spacing=\u00bb5px\u00bb title_line_height=\u00bb1.5em\u00bb number_font=\u00bb|500|||||||\u00bb number_text_color=\u00bb#FFFFFF\u00bb number_font_size=\u00bb46px\u00bb number_line_height=\u00bb100px\u00bb background_color=\u00bb#2b76df\u00bb text_orientation=\u00bbleft\u00bb background_layout=\u00bbdark\u00bb custom_padding=\u00bb50px|25px|15px|25px|false|true\u00bb border_radii=\u00bbon|10px|10px|10px|10px\u00bb text_shadow_style=\u00bbpreset2&#8243; global_colors_info=\u00bb{}\u00bb text_shadow_horizontal_length__hover_enabled=\u00bbon|desktop\u00bb][\/et_pb_number_counter][et_pb_number_counter title=\u00bbDocentes\u00bb number=\u00bb36&#8243; percent_sign=\u00bboff\u00bb _builder_version=\u00bb4.22.1&#8243; title_font=\u00bbRubik|700||on|||||\u00bb title_text_color=\u00bb#ffffff\u00bb title_font_size=\u00bb14px\u00bb title_letter_spacing=\u00bb5px\u00bb title_line_height=\u00bb1.5em\u00bb number_font=\u00bbCabin Sketch|500|||||||\u00bb number_text_color=\u00bb#ffffff\u00bb number_font_size=\u00bb46px\u00bb number_line_height=\u00bb100px\u00bb background_color=\u00bb#ff9c02&#8243; text_orientation=\u00bbleft\u00bb background_layout=\u00bbdark\u00bb custom_margin=\u00bb30px|||\u00bb custom_margin_last_edited=\u00bboff|desktop\u00bb custom_padding=\u00bb50px|25px|15px|25px|false|true\u00bb border_radii=\u00bbon|10px|10px|10px|10px\u00bb global_colors_info=\u00bb{}\u00bb][\/et_pb_number_counter][\/et_pb_column][et_pb_column type=\u00bb1_4&#8243; _builder_version=\u00bb4.16&#8243; custom_padding=\u00bb|||\u00bb global_colors_info=\u00bb{}\u00bb custom_padding__hover=\u00bb|||\u00bb][et_pb_number_counter title=\u00bbFamilias\u00bb number=\u00bb250&#8243; percent_sign=\u00bboff\u00bb _builder_version=\u00bb4.22.1&#8243; title_font=\u00bbRubik|700||on|||||\u00bb title_text_color=\u00bb#ffffff\u00bb title_font_size=\u00bb14px\u00bb title_letter_spacing=\u00bb5px\u00bb title_line_height=\u00bb1.5em\u00bb number_font=\u00bbCabin Sketch|500|||||||\u00bb number_text_color=\u00bb#ffffff\u00bb number_font_size=\u00bb46px\u00bb number_line_height=\u00bb100px\u00bb background_color=\u00bb#ff7355&#8243; text_orientation=\u00bbleft\u00bb background_layout=\u00bbdark\u00bb custom_padding=\u00bb50px|25px|15px|25px|false|true\u00bb border_radii=\u00bbon|10px|10px|10px|10px\u00bb global_colors_info=\u00bb{}\u00bb][\/et_pb_number_counter][et_pb_number_counter title=\u00bbA\u00f1os educ\u00e1ndonos\u00bb number=\u00bb31&#8243; percent_sign=\u00bboff\u00bb _builder_version=\u00bb4.22.1&#8243; title_font=\u00bb|700||on|||||\u00bb title_text_color=\u00bb#ffffff\u00bb title_font_size=\u00bb10.5px\u00bb title_letter_spacing=\u00bb5px\u00bb title_line_height=\u00bb1.5em\u00bb number_font=\u00bbCabin Sketch|500|||||||\u00bb number_text_color=\u00bb#ffffff\u00bb number_font_size=\u00bb46px\u00bb number_line_height=\u00bb100px\u00bb background_color=\u00bb#74bc19&#8243; text_orientation=\u00bbleft\u00bb background_layout=\u00bbdark\u00bb custom_margin=\u00bb30px|||\u00bb custom_padding=\u00bb50px|25px|15px|25px|false|true\u00bb border_radii=\u00bbon|10px|10px|10px|10px\u00bb global_colors_info=\u00bb{}\u00bb][\/et_pb_number_counter][\/et_pb_column][et_pb_column type=\u00bb1_2&#8243; _builder_version=\u00bb4.16&#8243; custom_padding=\u00bb|||\u00bb global_colors_info=\u00bb{}\u00bb custom_padding__hover=\u00bb|||\u00bb][et_pb_cta title=\u00bbEstamos en contacto\u00bb button_url=\u00bb#top\u00bb _builder_version=\u00bb4.16&#8243; header_font=\u00bbRubik|700|||||||\u00bb header_font_size=\u00bb35px\u00bb header_line_height=\u00bb1.4em\u00bb body_font=\u00bbRubik||||||||\u00bb body_line_height=\u00bb2em\u00bb background_color=\u00bb#ffffff\u00bb custom_button=\u00bbon\u00bb button_text_size=\u00bb16px\u00bb button_text_color=\u00bb#ffffff\u00bb button_bg_color=\u00bb#7f5aff\u00bb button_border_width=\u00bb10px\u00bb button_border_color=\u00bbrgba(65,65,144,0)\u00bb button_border_radius=\u00bb70px\u00bb button_font=\u00bbRubik|700|||||||\u00bb button_use_icon=\u00bboff\u00bb text_orientation=\u00bbleft\u00bb background_layout=\u00bblight\u00bb max_width_last_edited=\u00bboff|desktop\u00bb module_alignment=\u00bbright\u00bb custom_margin=\u00bb|||\u00bb custom_padding=\u00bb64px|60px|64px|60px|true\u00bb header_font_size_tablet=\u00bb\u00bb header_font_size_phone=\u00bb30px\u00bb header_font_size_last_edited=\u00bbon|phone\u00bb body_line_height_last_edited=\u00bboff|desktop\u00bb border_radii=\u00bbon|10px|10px|10px|10px\u00bb button_text_color_hover=\u00bb#ffffff\u00bb button_border_radius_hover=\u00bb70px\u00bb button_bg_color_hover=\u00bb#9577ff\u00bb global_colors_info=\u00bb{}\u00bb button_text_size__hover_enabled=\u00bboff\u00bb button_one_text_size__hover_enabled=\u00bboff\u00bb button_two_text_size__hover_enabled=\u00bboff\u00bb button_text_color__hover_enabled=\u00bbon\u00bb button_text_color__hover=\u00bb#ffffff\u00bb button_one_text_color__hover_enabled=\u00bboff\u00bb button_two_text_color__hover_enabled=\u00bboff\u00bb button_border_width__hover_enabled=\u00bboff\u00bb button_one_border_width__hover_enabled=\u00bboff\u00bb button_two_border_width__hover_enabled=\u00bboff\u00bb button_border_color__hover_enabled=\u00bboff\u00bb button_one_border_color__hover_enabled=\u00bboff\u00bb button_two_border_color__hover_enabled=\u00bboff\u00bb button_border_radius__hover_enabled=\u00bbon\u00bb button_border_radius__hover=\u00bb70px\u00bb button_one_border_radius__hover_enabled=\u00bboff\u00bb button_two_border_radius__hover_enabled=\u00bboff\u00bb button_letter_spacing__hover_enabled=\u00bboff\u00bb button_one_letter_spacing__hover_enabled=\u00bboff\u00bb button_two_letter_spacing__hover_enabled=\u00bboff\u00bb button_bg_color__hover_enabled=\u00bbon\u00bb button_bg_color__hover=\u00bb#9577ff\u00bb button_one_bg_color__hover_enabled=\u00bboff\u00bb button_two_bg_color__hover_enabled=\u00bboff\u00bb]\n<p><strong>Direcci\u00f3n:<\/strong>\u00a0Pacto Uni\u00f3n Nacional 1050, Paran\u00e1, CP 3100, Entre R\u00edos<\/p>\n<p><strong>Tel\u00e9fono:<\/strong> 343-4242641<\/p>\n<p><strong>Email:<\/strong> <a href=\"mailto:colegiolujand118@yahoo.com.ar\">colegiolujand118@yahoo.com.ar<\/a><\/p>\n[\/et_pb_cta][\/et_pb_column][\/et_pb_row][et_pb_row _builder_version=\u00bb4.16&#8243; global_colors_info=\u00bb{}\u00bb][et_pb_column type=\u00bb4_4&#8243; _builder_version=\u00bb4.16&#8243; custom_padding=\u00bb|||\u00bb global_colors_info=\u00bb{}\u00bb custom_padding__hover=\u00bb|||\u00bb][et_pb_text _builder_version=\u00bb4.16&#8243; text_font=\u00bbRubik||||||||\u00bb text_line_height=\u00bb2em\u00bb header_font=\u00bb||||||||\u00bb header_2_font=\u00bbRubik|700||on|||||\u00bb header_2_font_size=\u00bb12px\u00bb header_2_letter_spacing=\u00bb3px\u00bb header_2_line_height=\u00bb1.5em\u00bb header_5_font=\u00bbRubik|700||on|||||\u00bb header_5_font_size=\u00bb12px\u00bb header_5_letter_spacing=\u00bb3px\u00bb header_5_line_height=\u00bb1.5em\u00bb max_width=\u00bb700px\u00bb module_alignment=\u00bbcenter\u00bb custom_margin=\u00bb50px||||false\u00bb custom_margin_tablet=\u00bb0px|||\u00bb custom_margin_last_edited=\u00bboff|desktop\u00bb text_line_height_last_edited=\u00bboff|desktop\u00bb global_colors_info=\u00bb{}\u00bb]\n<h5>sobre nosotos<\/h5>\n<p>El Colegio Nuestra Se\u00f1ora de Luj\u00e1n D118, es un <strong>centro educativo cat\u00f3lico, p\u00fablico de gesti\u00f3n privada dependiente del Arzobispado de Paran\u00e1<\/strong>. Conducido por laicos y dirigido a alumnos de estudios primarios completos en edad adolescente, de ambos sexos.<\/p>\n<p>Tiene por fin la comunicaci\u00f3n cr\u00edtica y sistem\u00e1tica de la cultura para la formaci\u00f3n integral de la persona y persigue este fin dentro de una visi\u00f3n cristiana de la realidad.<\/p>\n<p>&nbsp;<\/p>\n[\/et_pb_text][\/et_pb_column][\/et_pb_row][\/et_pb_section]\n","protected":false},"excerpt":{"rendered":"<p>\u00abCon Mar\u00eda, educarnos para dar Vida a la vida\u00bbPRE -INSCRIPCIONES 2026 \u00a0 \u00a0 \u00a0 \u00a0 \u00a0 \u00a0 \u00a0 \u00a0 \u00a0 \u00a0 \u00a0 \u00a0 \u00a0 \u00a0 \u00a0 \u00a0 \u00a0 \u00a0 \u00a0 \u00a0 NO HAY VACANTES PARA 1ER A\u00d1O 20261 &#8211; Presentarse personalmente al colegio para solicitar clave y realizar luego la solicitud on line. 2 &#8211; [&hellip;]<\/p>\n","protected":false},"author":1,"featured_media":0,"parent":0,"menu_order":0,"comment_status":"closed","ping_status":"closed","template":"","meta":{"_et_pb_use_builder":"on","_et_pb_old_content":"","_et_gb_content_width":"","footnotes":""},"class_list":["post-222","page","type-page","status-publish","hentry"],"_links":{"self":[{"href":"https:\/\/colegiolujanparana.com.ar\/index.php\/wp-json\/wp\/v2\/pages\/222","targetHints":{"allow":["GET"]}}],"collection":[{"href":"https:\/\/colegiolujanparana.com.ar\/index.php\/wp-json\/wp\/v2\/pages"}],"about":[{"href":"https:\/\/colegiolujanparana.com.ar\/index.php\/wp-json\/wp\/v2\/types\/page"}],"author":[{"embeddable":true,"href":"https:\/\/colegiolujanparana.com.ar\/index.php\/wp-json\/wp\/v2\/users\/1"}],"replies":[{"embeddable":true,"href":"https:\/\/colegiolujanparana.com.ar\/index.php\/wp-json\/wp\/v2\/comments?post=222"}],"version-history":[{"count":18,"href":"https:\/\/colegiolujanparana.com.ar\/index.php\/wp-json\/wp\/v2\/pages\/222\/revisions"}],"predecessor-version":[{"id":449,"href":"https:\/\/colegiolujanparana.com.ar\/index.php\/wp-json\/wp\/v2\/pages\/222\/revisions\/449"}],"wp:attachment":[{"href":"https:\/\/colegiolujanparana.com.ar\/index.php\/wp-json\/wp\/v2\/media?parent=222"}],"curies":[{"name":"wp","href":"https:\/\/api.w.org\/{rel}","templated":true}]}}